{"id":6332,"date":"2025-09-05T16:00:32","date_gmt":"2025-09-05T16:00:32","guid":{"rendered":"https:\/\/www.castellonsummercup.com\/?page_id=6332"},"modified":"2026-01-13T16:59:13","modified_gmt":"2026-01-13T16:59:13","slug":"normativa-de-inscripcion","status":"publish","type":"page","link":"https:\/\/www.castellonsummercup.com\/index.php\/normativa-de-inscripcion\/","title":{"rendered":"Normativa de inscripci\u00f3n"},"content":{"rendered":"[vc_row type=\u00bbfull_width_background\u00bb full_screen_row_position=\u00bbmiddle\u00bb column_margin=\u00bb80px\u00bb column_direction=\u00bbdefault\u00bb column_direction_tablet=\u00bbdefault\u00bb column_direction_phone=\u00bbdefault\u00bb scene_position=\u00bbcenter\u00bb top_padding=\u00bb0%\u00bb bottom_padding=\u00bb2%\u00bb text_color=\u00bbdark\u00bb text_align=\u00bbleft\u00bb row_border_radius=\u00bbnone\u00bb row_border_radius_applies=\u00bbbg\u00bb overflow=\u00bbvisible\u00bb overlay_strength=\u00bb0.3&#8243; gradient_direction=\u00bbleft_to_right\u00bb shape_divider_position=\u00bbbottom\u00bb bg_image_animation=\u00bbnone\u00bb shape_type=\u00bb\u00bb gradient_type=\u00bbdefault\u00bb][vc_column column_padding=\u00bbpadding-2-percent\u00bb column_padding_tablet=\u00bbinherit\u00bb column_padding_phone=\u00bbinherit\u00bb column_padding_position=\u00bbbottom\u00bb column_element_direction_desktop=\u00bbdefault\u00bb column_element_spacing=\u00bbdefault\u00bb desktop_text_alignment=\u00bbdefault\u00bb tablet_text_alignment=\u00bbdefault\u00bb phone_text_alignment=\u00bbdefault\u00bb background_color_opacity=\u00bb1&#8243; background_hover_color_opacity=\u00bb1&#8243; column_backdrop_filter=\u00bbnone\u00bb column_shadow=\u00bbnone\u00bb column_border_radius=\u00bbnone\u00bb column_link_target=\u00bb_self\u00bb column_position=\u00bbdefault\u00bb gradient_direction=\u00bbleft_to_right\u00bb overlay_strength=\u00bb0.3&#8243; width=\u00bb1\/3&#8243; tablet_width_inherit=\u00bbdefault\u00bb animation_type=\u00bbdefault\u00bb enable_animation=\u00bbtrue\u00bb animation=\u00bbfade-in-from-bottom\u00bb animation_easing=\u00bbdefault\u00bb bg_image_animation=\u00bbnone\u00bb border_type=\u00bbsimple\u00bb column_border_width=\u00bbnone\u00bb column_border_style=\u00bbsolid\u00bb][vc_column_text css=\u00bb.vc_custom_1755668645120{padding-right: 25% !important;}\u00bb text_direction=\u00bbdefault\u00bb]\n<h2>Normativa de inscripci\u00f3n<\/h2>\n[\/vc_column_text][\/vc_column][vc_column column_padding=\u00bbno-extra-padding\u00bb column_padding_tablet=\u00bbinherit\u00bb column_padding_phone=\u00bbinherit\u00bb column_padding_position=\u00bball\u00bb column_element_direction_desktop=\u00bbdefault\u00bb column_element_spacing=\u00bbdefault\u00bb desktop_text_alignment=\u00bbdefault\u00bb tablet_text_alignment=\u00bbdefault\u00bb phone_text_alignment=\u00bbdefault\u00bb background_color_opacity=\u00bb1&#8243; background_hover_color_opacity=\u00bb1&#8243; column_backdrop_filter=\u00bbnone\u00bb column_shadow=\u00bbnone\u00bb column_border_radius=\u00bbnone\u00bb column_link_target=\u00bb_self\u00bb column_position=\u00bbdefault\u00bb gradient_direction=\u00bbleft_to_right\u00bb overlay_strength=\u00bb0.3&#8243; width=\u00bb2\/3&#8243; tablet_width_inherit=\u00bbdefault\u00bb animation_type=\u00bbdefault\u00bb bg_image_animation=\u00bbnone\u00bb border_type=\u00bbsimple\u00bb column_border_width=\u00bbnone\u00bb column_border_style=\u00bbsolid\u00bb][vc_row_inner column_margin=\u00bb90px\u00bb column_direction=\u00bbdefault\u00bb column_direction_tablet=\u00bbdefault\u00bb column_direction_phone=\u00bbdefault\u00bb text_align=\u00bbleft\u00bb row_position=\u00bbdefault\u00bb row_position_tablet=\u00bbinherit\u00bb row_position_phone=\u00bbinherit\u00bb overflow=\u00bbvisible\u00bb pointer_events=\u00bball\u00bb][vc_column_inner column_padding=\u00bbpadding-3-percent\u00bb column_padding_tablet=\u00bbinherit\u00bb column_padding_phone=\u00bbinherit\u00bb column_padding_position=\u00bbbottom\u00bb column_element_direction_desktop=\u00bbdefault\u00bb column_element_spacing=\u00bbdefault\u00bb desktop_text_alignment=\u00bbdefault\u00bb tablet_text_alignment=\u00bbdefault\u00bb phone_text_alignment=\u00bbdefault\u00bb background_color_opacity=\u00bb1&#8243; background_hover_color_opacity=\u00bb1&#8243; column_backdrop_filter=\u00bbnone\u00bb column_shadow=\u00bbnone\u00bb column_border_radius=\u00bbnone\u00bb column_link_target=\u00bb_self\u00bb overflow=\u00bbvisible\u00bb gradient_direction=\u00bbleft_to_right\u00bb overlay_strength=\u00bb0.3&#8243; width=\u00bb1\/1&#8243; tablet_width_inherit=\u00bbdefault\u00bb animation_type=\u00bbdefault\u00bb enable_animation=\u00bbtrue\u00bb animation=\u00bbfade-in-from-bottom\u00bb animation_easing=\u00bbdefault\u00bb bg_image_animation=\u00bbnone\u00bb border_type=\u00bbsimple\u00bb column_border_width=\u00bbnone\u00bb column_border_style=\u00bbsolid\u00bb][divider line_type=\u00bbFull Width Line\u00bb line_thickness=\u00bb1&#8243; divider_color=\u00bbextra-color-gradient-1&#8243; animate=\u00bbyes\u00bb][vc_column_text css=\u00bb\u00bb text_direction=\u00bbdefault\u00bb]\n<h4><strong>\u00bfQu\u00e9 equipos pueden participar?<\/strong><\/h4>\n[\/vc_column_text][vc_column_text css=\u00bb\u00bb text_direction=\u00bbdefault\u00bb]\n<p class=\"Textbody\">En la Castell\u00f3n Summer Cup, pueden participar clubes de f\u00fatbol federados, escuelas de f\u00fatbol, academias de tecnificaci\u00f3n, selecciones territoriales o nacionales oficiales, entidades de gesti\u00f3n deportiva y centros de ense\u00f1anza participantes en Ligas escolares. Estas entidades deben estar legalmente constituidas y contar con un CIF propio. No se permitir\u00e1n, por tanto, equipos formados s\u00f3lo para participar en el torneo y que no pertenezcan a alguna de las entidades anteriormente mencionadas.<\/p>\n[\/vc_column_text][\/vc_column_inner][\/vc_row_inner][\/vc_column][\/vc_row][vc_row type=\u00bbin_container\u00bb full_screen_row_position=\u00bbmiddle\u00bb column_margin=\u00bbdefault\u00bb column_direction=\u00bbdefault\u00bb column_direction_tablet=\u00bbdefault\u00bb column_direction_phone=\u00bbdefault\u00bb scene_position=\u00bbcenter\u00bb top_margin=\u00bb-30&#8243; text_color=\u00bbdark\u00bb text_align=\u00bbleft\u00bb row_border_radius=\u00bbnone\u00bb row_border_radius_applies=\u00bbbg\u00bb overflow=\u00bbvisible\u00bb overlay_strength=\u00bb0.3&#8243; gradient_direction=\u00bbleft_to_right\u00bb shape_divider_position=\u00bbbottom\u00bb bg_image_animation=\u00bbnone\u00bb gradient_type=\u00bbdefault\u00bb shape_type=\u00bb\u00bb][vc_column column_padding=\u00bbno-extra-padding\u00bb column_padding_tablet=\u00bbinherit\u00bb column_padding_phone=\u00bbinherit\u00bb column_padding_position=\u00bball\u00bb column_element_direction_desktop=\u00bbdefault\u00bb column_element_spacing=\u00bbdefault\u00bb desktop_text_alignment=\u00bbdefault\u00bb tablet_text_alignment=\u00bbdefault\u00bb phone_text_alignment=\u00bbdefault\u00bb background_color_opacity=\u00bb1&#8243; background_hover_color_opacity=\u00bb1&#8243; column_backdrop_filter=\u00bbnone\u00bb column_shadow=\u00bbnone\u00bb column_border_radius=\u00bbnone\u00bb column_link_target=\u00bb_self\u00bb column_position=\u00bbdefault\u00bb gradient_direction=\u00bbleft_to_right\u00bb overlay_strength=\u00bb0.3&#8243; width=\u00bb1\/1&#8243; tablet_width_inherit=\u00bbdefault\u00bb animation_type=\u00bbdefault\u00bb bg_image_animation=\u00bbnone\u00bb border_type=\u00bbsimple\u00bb column_border_width=\u00bbnone\u00bb column_border_style=\u00bbsolid\u00bb][vc_column_text css=\u00bb\u00bb text_direction=\u00bbdefault\u00bb]\n<h4><strong>\u00bfCu\u00e1ntos equipos podr\u00e1 inscribir cada entidad?<\/strong><\/h4>\n<p>Con el objetivo de fomentar una participaci\u00f3n internacional e igualitaria, se establece lo siguiente:<\/p>\n<ul>\n<li>En cada grupo solo podr\u00e1 participar un \u00fanico equipo por club. A modo de ejemplo, los equipos A y B de un mismo club no podr\u00e1n ser encuadrados en el mismo grupo.<\/li>\n<\/ul>\n<h4><strong>\u00bfCu\u00e1ntos jugadores podr\u00e1 inscribir cada equipo?<\/strong><\/h4>\n<p>Cada equipo deber\u00e1 inscribir un m\u00ednimo de 14 jugadores en f\u00fatbol 11 y 10 jugadores en f\u00fatbol 7. No hay un l\u00edmite m\u00e1ximo de jugadores por equipo, pero para cada partido, solo podr\u00e1n incluirse en el acta hasta 22 jugadores en f\u00fatbol 11 y 16 jugadores en f\u00fatbol 7.<\/p>\n<h4><strong>Plazas limitadas<\/strong><\/h4>\n<p>En base a la capacidad de alojamiento y al n\u00famero de terrenos de juego, la Organizaci\u00f3n establecer\u00e1 un cupo m\u00e1ximo de participaci\u00f3n en cada edici\u00f3n. Una vez se alcance dicho cupo, se cerrar\u00e1n las inscripciones.<\/p>\n<h4><strong>Derecho de admisi\u00f3n<\/strong><\/h4>\n<p>La Castell\u00f3n Summer Cup se reserva el derecho de admisi\u00f3n con el objetivo de garantizar en todo momento el cumplimiento de las normas establecidas en los apartados relacionados con la deportividad y la convivencia.<\/p>\n<h4><strong>Plazos para los pagos<\/strong><\/h4>\n<blockquote>\n<p>Equipos sin alojamiento<\/p>\n<\/blockquote>\n<ul>\n<li>Primer pago: 40 \u20ac por persona dentro de los 10 d\u00edas posteriores a la preinscripci\u00f3n. En caso de no conocer el n\u00famero exacto de personas, se establecer\u00e1 un pago provisional de 600 \u20ac (40 \u20ac x 15 personas).<\/li>\n<li>Pago final: 110 \u20ac por persona antes del 15 de mayo de 2026.<\/li>\n<\/ul>\n<blockquote>\n<p>Equipos con alojamiento<\/p>\n<\/blockquote>\n<ul>\n<li>Primer pago: 60 \u20ac por persona dentro de los 10 d\u00edas posteriores a la preinscripci\u00f3n.<\/li>\n<li>Pago final: El importe restante debe realizarse antes del 15 de mayo de 2026.<\/li>\n<\/ul>\n<p><em>NOTA:\u00a0El incumplimiento de los plazos o importes establecidos podr\u00e1 suponer un recargo sobre el coste final. Si los pagos no se realizan dentro de los cinco d\u00edas posteriores a su fecha de vencimiento, la organizaci\u00f3n se reserva el derecho de cancelar la inscripci\u00f3n y la reserva del alojamiento sin derecho a reembolso.<\/em><\/p>\n<h4><strong>Condiciones de la reserva en alojamiento<\/strong><\/h4>\n<p>La reserva de alojamiento solo se considerar\u00e1n confirmadas una vez abonados los importes establecidos dentro de los plazos indicados.\u00a0Si los pagos no se realizan en los cinco d\u00edas posteriores a su fecha de vencimiento, la organizaci\u00f3n se reserva el derecho de cancelar la reserva del alojamiento sin derecho a reembolso.<\/p>\n<h4><strong>Forma de pago<\/strong><\/h4>\n<p>Los pagos deber\u00e1n realizarse mediante transferencia bancaria a la cuenta oficial del torneo. Los datos de dicha cuenta se facilitar\u00e1n en el momento de preinscribirse en el torneo.<\/p>\n<h4><strong>Pol\u00edtica de cancelaci\u00f3n<\/strong><\/h4>\n<blockquote>\n<p><strong data-start=\"88\" data-end=\"120\">Primer pago no reembolsable:<\/strong> El primer pago no se puede devolver.<\/p>\n<p><strong>Hasta el 15 de mayo:<\/strong> Si cancelas antes del 15 de mayo, se te devolver\u00e1 el 50% de lo que hayas pagado (sin contar el primer pago).<\/p>\n<p><strong>A partir del 15 de mayo:<\/strong> Si cancelas a partir del 15 de mayo, no se devolver\u00e1 ninguno de los pagos realizados.<\/p>\n<\/blockquote>\n<h4><strong>Fechas importantes<\/strong><\/h4>\n<ul>\n<li><strong>Apertura de inscripciones:<\/strong>\u00a015 de septiembre de 2025<\/li>\n<li><strong>Pago anticipo:\u00a0<\/strong>10 d\u00edas desde la preinscripci\u00f3n<\/li>\n<li><strong>Pago final:<\/strong>\u00a0Antes del 15 de mayo de 2026<\/li>\n<li><strong>Inscripci\u00f3n t\u00e9cnicos y jugadores:<\/strong>\u00a0Antes del 22 de mayo de 2026<\/li>\n<li><strong>Entrega de acreditaciones y control de edad:<\/strong>\u00a0Martes, 30 junio de 2026<\/li>\n<li><strong>Comienzo de la competici\u00f3n:<\/strong> Mi\u00e9rcoles, 1 de julio de 2026<\/li>\n<li><strong>Ceremonia de Inauguraci\u00f3n:<\/strong> Mi\u00e9rcoles, 1 de julio de 2026<\/li>\n<li><strong>Finales:\u00a0<\/strong>Domingo 5 de julio de 2026<\/li>\n<li><strong>Fin del torneo:\u00a0<\/strong>5 de julio de 2026 a las 15:00h<\/li>\n<\/ul>\n<h4><strong>Requisitos legales y responsabilidad de las entidades inscritas<\/strong><\/h4>\n<p>Todas las entidades que inscriban equipos en la Castell\u00f3n Summer Cup (clubes, academias, escuelas, etc.) deber\u00e1n estar legalmente constituidas y disponer de un CIF propio. Estas entidades actuar\u00e1n como \u00fanicas responsables ante la organizaci\u00f3n en todos los aspectos relacionados con su participaci\u00f3n en el torneo (pagos, documentaci\u00f3n, desplazamientos, disciplina, comportamiento del grupo, etc.).<\/p>\n<p>La Castell\u00f3n Summer Cup no mantiene comunicaci\u00f3n directa con las familias o tutores legales de los jugadores, ya que la inscripci\u00f3n se realiza exclusivamente a trav\u00e9s de la entidad correspondiente. Por tanto, ser\u00e1 dicha entidad la que asuma toda responsabilidad ante sus jugadores y sus familias sobre la informaci\u00f3n facilitada, los servicios ofrecidos y las condiciones acordadas.<\/p>\n<p>La organizaci\u00f3n no se hace responsable de las posibles diferencias entre lo que las entidades participantes comuniquen o vendan a las familias (en t\u00e9rminos de alojamiento, actividades, transporte, duraci\u00f3n del viaje, etc.) y la realidad del servicio que presta oficialmente la Castell\u00f3n Summer Cup. En caso de que las expectativas de los familiares no se correspondan con lo ofrecido por la entidad que gestiona la inscripci\u00f3n, cualquier reclamaci\u00f3n deber\u00e1 dirigirse directamente a dicha entidad, y nunca a la organizaci\u00f3n del torneo.<\/p>\n<p>Con el objetivo de garantizar la legalidad y la confianza en el proceso de inscripci\u00f3n, la organizaci\u00f3n se reserva el derecho de solicitar en cualquier momento documentaci\u00f3n adicional que acredite la constituci\u00f3n legal, actividad o trayectoria de la entidad inscrita. Asimismo, podr\u00e1 rechazar o cancelar cualquier inscripci\u00f3n si se detectan indicios de irregularidad, incumplimiento normativo o mala praxis comercial hacia las familias o cualquier otro colectivo.[\/vc_column_text][\/vc_column][\/vc_row]\n","protected":false},"excerpt":{"rendered":"<p>[vc_row type=\u00bbfull_width_background\u00bb full_screen_row_position=\u00bbmiddle\u00bb column_margin=\u00bb80px\u00bb column_direction=\u00bbdefault\u00bb column_direction_tablet=\u00bbdefault\u00bb column_direction_phone=\u00bbdefault\u00bb scene_position=\u00bbcenter\u00bb top_padding=\u00bb0%\u00bb bottom_padding=\u00bb2%\u00bb text_color=\u00bbdark\u00bb text_align=\u00bbleft\u00bb row_border_radius=\u00bbnone\u00bb row_border_radius_applies=\u00bbbg\u00bb overflow=\u00bbvisible\u00bb overlay_strength=\u00bb0.3&#8243; gradient_direction=\u00bbleft_to_right\u00bb shape_divider_position=\u00bbbottom\u00bb bg_image_animation=\u00bbnone\u00bb shape_type=\u00bb\u00bb gradient_type=\u00bbdefault\u00bb][vc_column column_padding=\u00bbpadding-2-percent\u00bb column_padding_tablet=\u00bbinherit\u00bb column_padding_phone=\u00bbinherit\u00bb column_padding_position=\u00bbbottom\u00bb column_element_direction_desktop=\u00bbdefault\u00bb column_element_spacing=\u00bbdefault\u00bb desktop_text_alignment=\u00bbdefault\u00bb tablet_text_alignment=\u00bbdefault\u00bb phone_text_alignment=\u00bbdefault\u00bb&#8230;<\/p>\n","protected":false},"author":1,"featured_media":0,"parent":0,"menu_order":0,"comment_status":"closed","ping_status":"closed","template":"","meta":{"footnotes":""},"class_list":["post-6332","page","type-page","status-publish"],"_links":{"self":[{"href":"https:\/\/www.castellonsummercup.com\/index.php\/wp-json\/wp\/v2\/pages\/6332","targetHints":{"allow":["GET"]}}],"collection":[{"href":"https:\/\/www.castellonsummercup.com\/index.php\/wp-json\/wp\/v2\/pages"}],"about":[{"href":"https:\/\/www.castellonsummercup.com\/index.php\/wp-json\/wp\/v2\/types\/page"}],"author":[{"embeddable":true,"href":"https:\/\/www.castellonsummercup.com\/index.php\/wp-json\/wp\/v2\/users\/1"}],"replies":[{"embeddable":true,"href":"https:\/\/www.castellonsummercup.com\/index.php\/wp-json\/wp\/v2\/comments?post=6332"}],"version-history":[{"count":10,"href":"https:\/\/www.castellonsummercup.com\/index.php\/wp-json\/wp\/v2\/pages\/6332\/revisions"}],"predecessor-version":[{"id":6615,"href":"https:\/\/www.castellonsummercup.com\/index.php\/wp-json\/wp\/v2\/pages\/6332\/revisions\/6615"}],"wp:attachment":[{"href":"https:\/\/www.castellonsummercup.com\/index.php\/wp-json\/wp\/v2\/media?parent=6332"}],"curies":[{"name":"wp","href":"https:\/\/api.w.org\/{rel}","templated":true}]}}